 and p?
6
Let j be 1160 + (12 - -6) + -38. What is the greatest common divisor of j and 255?
15
Let m(t) = t**3 + t**2 - t + 2. Let s(r) = 11*r**3 + 6*r**2 - 2*r. Let z(c) = 2*m(c) - s(c). Let o be z(-2). What is the highest common factor of 300 and o?
60
Suppose -21 + 174 = -3*j. Let d be ((-4)/8)/1*(-1 + j). What is the greatest common factor of 65 and d?
13
Suppose -2585 = -5*l + b, 5*l + b + 0*b - 2595 = 0. Let r = -471 + l. Calculate the greatest common factor of 1 and r.
1
Suppose 21*o = 34510 + 161042. Calculate the greatest common divisor of o and 6.
6
Suppose 6*r - 160 = -5*r + 82. What is the greatest common factor of 13123 and r?
11
Let a be (-8707 - -7)*(23/(-4) + 4). What is the highest common factor of 42 and a?
21
Let w be (-1)/((-45)/(-6984))*5. Let m = w + 1658. What is the highest common divisor of m and 42?
42
Suppose -55272 = 630*c - 654*c. Calculate the highest common divisor of 47 and c.
47
Suppose 3*c = 5*o - 348, -c + 126 = 29*o - 27*o. Calculate the highest common divisor of o and 2541.
33
Let r(p) = -39 + p + 4 - 2*p**3 - 13*p**2 + 13*p. Let k be r(-8). Calculate the highest common factor of k and 6.
3
Let i(v) = 2*v**3 + 8*v**2 - 48*v + 116. Let n be i(4). Calculate the greatest common factor of n and 180.
180
Let c(d) = -59 + 31*d + 43*d - 54*d. Let u be c(7). Let b(z) = z + 1. Let a be b(8). What is the greatest common factor of a and u?
9
Suppose 12*u - 2*w - 20 = 11*u, 0 = -3*u + 3*w + 57. What is the greatest common divisor of 54 and u?
18
Let r(i) be the second derivative of 3*i**3 - 42*i**2 + 102*i + 2. Let g be r(8). Calculate the greatest common factor of 130 and g.
10
Suppose -k + 8*k - 70 = -0*k. Calculate the highest common divisor of 14210 and k.
10
Let g be (-7 + 2115/105)/(4/42). Calculate the highest common divisor of 138 and g.
138
Let d = 298 + 72. Let j be (d/25)/(-3*3/(-315)). What is the highest common divisor of j and 14?
14
Suppose 3*c - 2996 + 851 = -3*f, 0 = -f - 5. Calculate the highest common factor of c and 810.
90
Let d be 2*1 + 0/(-6) + -1. Suppose -d = x + 8. Let q = 124 - x. Calculate the greatest common factor of 19 and q.
19
Suppose 176 = 5*d - 5*j - 614, -3*j = 2*d - 331. Let a(c) = c**2 - 13*c + 8. Let r be a(-12). Let n = r - 285. Calculate the greatest common divisor of d and n.
23
Suppose 0 = 75*q + 217 - 6517. What is the highest common factor of q and 384?
12
Let o be (-2)/(-1) - (7 - 10). Let v(z) = 1017*z**2 + 4 + o + z - 1016*z**2. Let x be v(0). What is the highest common divisor of 9 and x?
9
Let i(s) = -s**3 - 28*s**2 + 106*s - 53. Let c be i(-36). What is the highest common factor of 97 and c?
97
Let j = 10659 - 10499. Calculate the highest common factor of 10240 and j.
160
Suppose -268 = 8*q - 10*q + 4*d, 5*d + 20 = 0. What is the greatest common factor of q and 270?
18
Suppose 5*i + 5*b = 45, -2*b + 14 = 2*i - b. Suppose 4*p = 2*w + 1086, 4*w = -w + i. What is the greatest common divisor of 17 and p?
17
Let r be (95/(-25) + -1)/(12/(-40)). Let x(y) = 2*y**2 - 37*y - 91. Let c be x(27). What is the greatest common factor of r and c?
16
Suppose 75*o - 16*o - 44*o = 4140. Calculate the greatest common factor of o and 96.
12
Let v be 12*(-7)/(9 - 93). What is the greatest common divisor of v and 275?
1
Let t(b) be the second derivative of b**4/12 - 2*b**3 + 63*b**2/2 + 33*b - 2. Let x be t(9). Calculate the highest common factor of 45 and x.
9
Suppose 5 = 2*l + 3. Let w be (1 - 2)/(12/(-5 - -17)). Let z(o) = -9*o**3 - 3*o**2 - 5*o - 3. Let s be z(w). What is the highest common divisor of l and s?
1
Let y(i) be the second derivative of 41*i**4/12 + i**3/2 - 15*i**2/2 + 24*i. Let t be y(-4). What is the highest common factor of t and 17?
17
Let c be -364 + ((-30)/(-12)*2 - -1). Let i = c - -370. What is the highest common factor of i and 438?
6
Let d(p) = 10*p + 206. Let a be d(-18). Suppose -a*l + 176 = -21*l - 3*s, l - 24 = -5*s. Suppose z - 6*z = -850. What is the highest common divisor of z and l?
34
Let h be -8 + -2 + 7 - -1. Let o be (-16)/2 - (-13 - h). What is the highest common divisor of o and 33?
3
Let r(u) = -368*u - 16125. Let b be r(-44). What is the highest common divisor of b and 16013?
67
Suppose -34*h = 46*h - 20*h - 15120. What is the highest common divisor of 315 and h?
63
Suppose -b - 4 = -1, u = -2*b + 1122. Calculate the highest common factor of u and 120.
24
Let k(f) = f**3 - 23*f**2 + 72*f - 15. Let v be k(20). Let i be (3/(-6) - -1)/(6/108). What is the highest common divisor of v and i?
9
Let g = 634981 + -634869. Let d(m) = -m**2 - 10*m - 8. Let k be d(-6). Calculate the highest common divisor of g and k.
16
Let m = 48 - 42. Suppose 7 = 3*t - 86. Suppose 30*f - t*f + m = 0. What is the greatest common divisor of 18 and f?
6
Suppose -3*h - 44 = -68. Suppose -17*a + 110 = h. Calculate the greatest common factor of 54 and a.
6
Suppose 7*r - 223 = -5*h, -h - 23 = r - 64. Let x be 5/(-4)*32*-2. What is the highest common divisor of h and x?
16
Let y = -422 + 455. Suppose -5*o = 8 - y, -5*o = -f + 74. Calculate the highest common divisor of 132 and f.
33
Let t = 131 + -64. Let c(v) = -116*v + t + 53 + 57*v + 57*v. Let f be c(0). Calculate the greatest common divisor of 30 and f.
30
Let n be (-93)/(-21) - (-32)/56. Suppose -2*r - 10 = 0, 3*y = 4*y - n*r - 187. What is the greatest common factor of 18 and y?
18
Let g be -10 + 3 + -177*3/(-9). Calculate the highest common divisor of 20644 and g.
52
Suppose -58*l - 123*l + 14184 = 213*l. Let v(w) = -6*w**3 - 2*w**2 - 2*w + 1. Let m be v(-2). What is the highest common divisor of m and l?
9
Let g be -1 + 14*(-11)/(-1). Let v = 60317 - 60300. Calculate the highest common factor of g and v.
17
Let u = -69 + 129. Suppose -3*t - u = -3*h, 0 = -5*h + 7*h + 3*t - 60. Let b be -2 + (-3)/(3/(-26)). Calculate the greatest common divisor of b and h.
24
Suppose 5*a + 9*m = 10*m + 134, 0 = 4*a - 2*m - 106. What is the greatest common divisor of 14256 and a?
27
Let p(f) = 2*f**2 + f + 40. Let u be 3/(-6)*(-3 - -3). Let i be p(u). Let g = 50 - i. What is the highest common divisor of g and 5?
5
Suppose 0 = 70*u - 143531 + 5071. Calculate the greatest common factor of 368 and u.
46
Suppose -3*r - 4 = -w + 23, 3*w + 2*r - 26 = 0. Calculate the highest common factor of 20508 and w.
12
Suppose -663*c - 243*c - 1222*c = -9918 - 15618. Let m(n) = n. Let k be m(3). Suppose -k*p + 216 = -p. What is the greatest common factor of c and p?
12
Suppose 17 = -9*t + 53. Let s be 9 - (2 + -4 + t). Suppose -304 = -s*b + 2*b - 4*l, -l + 241 = 4*b. What is the greatest common factor of 24 and b?
12
Let k(d) = -3873*d - 42589. Let q be k(-11). Suppose 0 = -s + 6*s - 385. Calculate the greatest common factor of q and s.
7
Let k(r) = r - 2. Let z be k(-4). Let m(f) = 2*f**2 + f + 14. Let c be m(z). Let x be (-580)/(-14) + c/140. Calculate the greatest common divisor of x and 28.
14
Let l be 7*1 + -11 + 6. Suppose l*d + 77 = 3*z + d, 0 = -3*z - d + 67. Calculate the highest common divisor of 156 and z.
12
Let s be -18*(-4 + 5)*(125/(-15) + 5). Calculate the highest common divisor of s and 9420.
60
Let o = 58 - 54. Suppose 0 = 3*r + 6, 0 = -0*x - 4*x - 4*r + o. Suppose 3*c = 2*c + x. What is the greatest common factor of 3 and c?
3
Let y(p) = -p**3 - 46*p**2 + 3*p + 22. Let j be y(0). Let m be 44/5*75/6. What is the highest common factor of j and m?
22
Suppose 144 = -614*r + 617*r. Calculate the greatest common factor of r and 208.
16
Let u(q) = q**3 + 54*q**2 - 13*q + 1088. Let x be u(-49). What is the highest common divisor of 20 and x?
10
Suppose 3*j - 13 = -x, -x - 2 = -3*j + j. Suppose 0 = -5*s + 20, -2*i + j*i - 5*s = -10. Calculate the greatest common divisor of i and 15.
5
Let k be 12/1 + 6 + -8. Let z be (-585)/(-25) + 6/k. Let y be 96/(-14)*5082/(-132). Calculate the greatest common divisor of z and y.
24
Let t = -985 - -998. Let u(c) = 16*c - 4. Let k be u(5). Let a = 141 - k. Calculate the greatest common factor of a and t.
13
Let r = -1670 + 5288. What is the highest common divisor of 134 and r?
134
Let g = -1056 - -1287. What is the greatest common factor of g and 264?
33
Suppose -78*n + 114*n = 149292. Calculate the greatest common factor of 2262 and n.
377
Let h(m) = m + 134. Let y be h(0). Let k = 149 - y. Calculate the hi